)/((-1)/(-18)). Let t(v) = v + 4*v + 3 + v**2 - 9. What is t(s)?
0
Let p(b) = b**3 - b**2 - 2*b + 2. Let f(s) = s**3 + 13*s**2 + 11*s - 7. Let k be f(-12). Suppose 3 + k = 4*a. What is p(a)?
2
Let z be 580/80 + (-1)/4. Let d(y) = -6*y + 0*y + 8*y**2 + 0*y**2 - z*y**2. Determine d(5).
-5
Let k(y) = 15*y**2 - 1. Suppose -61*d + 59*d = 2. What is k(d)?
14
Let o(p) be the second derivative of -p**8/6720 - p**7/840 + p**6/120 + p**5/40 - 5*p**4/6 + 14*p. Let i(v) be the third derivative of o(v). Give i(-4).
-5
Let t(a) = 2*a + 1 - 5*a**3 + a + 3*a**3 - 2*a. Suppose n + 6 = 5. Calculate t(n).
2
Let w(v) be the third derivative of 0*v - v**3 + 1/60*v**5 + 0 - 12*v**2 - 5/24*v**4. Give w(5).
-6
Let j(q) = -8*q - 8. Suppose 0 = 5*r - 17*i + 14*i - 4, 17 = -2*r - 5*i. What is j(r)?
0
Let m be (0/1 - -1)*-2. Let o(n) be the first derivative of 2*n**2 + 3*n + 1923. Calculate o(m).
-5
Let o(f) = f**2 + 5*f + 1. Let p be o(-5). Let t(h) = -h + 7. Let j be t(7). Let k(q) = 7*q + q**3 + j*q - 5*q - 1. Calculate k(p).
2
Let b be (2205/(-72))/7 + (-3)/(-8). Let m(j) = j**2 + 4*j - 1. Calculate m(b).
-1
Let t(g) = g - 6. Let j(x) = x**3 - 4*x**2 - 28. Let p be j(5). Give t(p).
-9
Let l(n) = 18*n - 1. Let k be 57/2 + 6/(-8)*2. Let v be (-2)/((-6)/k + (-64)/36). Give l(v).
17
Let r(s) be the third derivative of -1/6*s**3 + 0 + 0*s - 2*s**2 - 1/120*s**6 - 1/20*s**5 - 1/12*s**4. Suppose w = -4*u - 0*w - 12, -2*w - 8 = 0. Give r(u).
-1
Let p(q) = -3 + 745*q + 752*q + 742*q + 2 - 2242*q. Let y = -2 + 8. What is p(y)?
-19
Let i(b) = -b - 1. Suppose 0 = 4*t + 5*k + 12, -7 = -5*t + 4*k + 19. Suppose 3*a - 1 - 2 = 0, -t*u + 5*a = 9. Determine i(u).
1
Let q(p) = -1. Let x(y) = y - 3. Let j = 27 + -23. Let b(l) = j*q(l) - x(l). Give b(0).
-1
Let v(j) = -j + 12. Let k(u) be the third derivative of -u**6/120 + 3*u**5/20 + u**4/2 - 7*u**3/3 - 2*u**2. Let b = -31 - -41. Let o be k(b). What is v(o)?
6
Let m(l) = -5*l**2 + 7*l + 4. Let v(u) be the first derivative of -14*u**3/3 + 10*u**2 + 12*u - 5. Let z(w) = 11*m(w) - 4*v(w). Determine z(3).
-4
Let a(p) be the third derivative of -p**7/840 - 7*p**6/360 - p**5/24 + p**4/24 + 15*p**3/2 - 47*p**2. Let m(x) be the first derivative of a(x). Give m(-6).
-5
Let d(a) = -357*a - 3 - 356*a + a**2 + 714*a. Let w(k) = -k**2 + 4*k - 4. Let p be w(4). What is d(p)?
9
Let y(t) = 16*t**2 + 15*t**2 - 33*t**2 + 3*t - 3 + t**3. Calculate y(2).
3
Suppose -156 = -78633*v + 78659*v. Let z(s) = 2*s**3 + 5*s**2 - 12*s + 9. Let r(d) = 3*d**3 + 7*d**2 - 18*d + 14. Let t(n) = 5*r(n) - 8*z(n). Determine t(v).
-2
Let v = -22 + 28. Let a be (v/15*-2)/(12/90). Let d(y) = -y**3 - 5*y**2 + 6*y - 5. Calculate d(a).
-5
Let n(d) = 10*d + 1. Suppose -2*p = 3*s - 69, 6*s = 7*s + p - 23. Suppose 0 = 13*y - s*y + 10. Give n(y).
11
Let l(y) = -10*y**2 - y. Suppose 97*f - 25 = 92*f. Let p be 2 - 1 - (1 + f/5). Determine l(p).
-9
Let u(b) = -b**3 - 24*b**2 - 25*b - 22. Let m be u(-23). Let g(z) = -25 - z - z**2 - z + 3*z + m. What is g(3)?
-7
Let b(t) = 2*t**2 - 7*t + 3. Let x(g) = -g**2 + 7*g - 2. Let c(f) = 2*b(f) + 3*x(f). Suppose 234 = -74*o - 136. Give c(o).
-10
Let o(m) = -m + 5. Let y(j) = -j - 9. Let x be y(-9). Let z be o(x). Suppose -z + 9 = -n. Let g(p) = p**2 + 4*p + 1. Give g(n).
1
Let k be 2/(-7)*(10 - 17). Let t(v) = 10*v**k + 0*v + 7 + 4*v - 11*v**2 - 5. What is t(3)?
5
Let g(i) = i**3 - 7*i**2 - 8*i + 14. Let l be g(8). Let u be (-78)/(-8) + 1 + l/(-8). Let w(j) = -j**2 + 11*j - 10. Give w(u).
8
Suppose -2*h = -6*h - 52. Let p be (2/(-3))/(h/1092). Let d(n) = -2*n - p + 58 - 2*n**2 - n**2 + n**3. Calculate d(4).
10
Let z = -10 - -14. Let p be (-9)/(18/z) + -1. Let d(s) = -2*s + 3. Give d(p).
9
Let c(t) = -2*t**2 - 2*t - 6. Let r(x) = 5*x**2 + 5*x + 12. Let q(z) = 7*c(z) + 3*r(z). Calculate q(5).
24
Let a(j) be the third derivative of j**6/120 - j**5/12 + j**4/4 - j**3 - 2*j**2. Let m(o) = -9 + o**3 + 11*o**2 - 7 + 14*o - 6*o. Let d be m(-10). What is a(d)?
2
Let a(w) be the third derivative of w**5/60 + w**4/6 - 4*w**3/3 - 2*w**2 + 172. Determine a(-9).
37
Let l(f) = -f**3 + 4*f**2 - f + 3. Suppose 2*d = -2*d. Let v(i) = d*i - 3 - 3*i + 2*i + 2. Let r be v(-5). What is l(r)?
-1
Let x(f) = 14*f**2 - 25*f**2 + 9 + 4*f**2 + 6*f**2 + 7*f. Suppose -2 = 2*j, 0 = -4*p - 6*j + 2*j + 52. Let r = p - 6. Determine x(r).
1
Suppose 0 = -9*q + 7*q. Suppose 2 = -2*j - q*j. Let u(p) = 10*p**3 + p**2 + 2*p + 1. Calculate u(j).
-10
Let n(r) be the third derivative of -r**5/60 + r**4/24 - r**3/2 + 5*r**2 - 7*r. Give n(0).
-3
Let h(n) = -3*n + 1. Suppose -1 = -5*c + 4*c. Let u be h(c). Let y(b) be the third derivative of -b**5/60 + b**4/24 + b**3/3 + 205*b**2 + 1. Give y(u).
-4
Let y(g) = 392186*g - 392186*g - g**2 + 5. Calculate y(3).
-4
Let o(g) = g**3 + 5*g**2 - 6*g - 3. Let s(u) = u**2 - 13*u + 36. Let z = -90 + 97. Let y be s(z). What is o(y)?
-3
Suppose 3 - 15 = 2*v. Let j be ((-4)/v)/((-13)/(-429)). Let y(o) = -2*o**2 + j + 5*o**2 + 8*o - 4*o**2 - 27. What is y(7)?
2
Let l(m) = -3*m**3 - 7*m**2 + m - 7. Let k(j) = -j**3 - j**2 + j - 3. Let s(g) = 2*k(g) - l(g). Determine s(-5).
-4
Suppose 4*l = -26 + 2. Let v(c) = 3*c**2 - 14*c - 10. Let n(s) = -s**2 + 7*s + 5. Let d(t) = -5*n(t) - 2*v(t). Calculate d(l).
1
Let k(w) = -w**2 - 2*w + 2. Let j(s) = -3*s**2 - 6*s + 6. Let v(a) = -4*a - 17. Let l be v(-7). Let i(r) = l*k(r) - 4*j(r). What is i(-4)?
6
Let w(x) = -12*x**2 - 14*x - 5. Let n(o) = 10*o**2 + 13*o + 4. Let p(a) = 7*n(a) + 6*w(a). What is p(5)?
-17
Let v be 35/7 + 1 + -3. Let k(y) = y**3 - 5*y**2 + 5*y - 3. Give k(v).
-6
Let r(z) = z - 3. Let f be 21/70 + 138/(-60). Determine r(f).
-5
Let a(r) be the first derivative of 3*r**2 - 452. Give a(-4).
-24
Let f = 32 + -21. Let j = f + -3. Let z(n) = -4*n**2 - 4 - 3*n - j*n + 6*n + n**3. Determine z(5).
-4
Let k = 0 + 1. Let t(l) be the second derivative of l**3/6 - 1622*l. Determine t(k).
1
Let p(b) = -b**3 - b**2 - b - 9. Suppose -2*k + 150 = 5*x, -3*x + 69 = -0*x - 3*k. Let o = x - 28. Calculate p(o).
-9
Let w(t) = t**2 - t + 3. Let i be (4/(-6))/(2/18). Let p(y) be the first derivative of y**3 - 3*y**2/2 + 9*y - 8. Let v(o) = i*p(o) + 17*w(o). What is v(0)?
-3
Let l(o) be the third derivative of 0 + 0*o + 1/6*o**3 - 1/6*o**4 - 1/30*o**5 + 4*o**2. Let a = 1 - 4. Calculate l(a).
-5
Let f(x) = x**3 - 4*x**2 - 2. Let h = 14 - 15. Let a be (2 - h)/(-3) - -6. Let w be (-3)/a*(-30)/6. Give f(w).
-11
Let l(r) = -r - 4. Let k(c) = -12*c + 22*c - 14*c - 7. Let d be k(-3). Suppose -2*x - 14 = 3*j - 7*x, 5*j + 20 = d*x. Determine l(j).
-1
Let u be 4 + 20/(-6) - 16/6. Let v(g) = 2 + 3*g - 3*g**2 + g**2 - g**2 + 0*g**2. Give v(u).
-16
Let c be (-27 - -21)*2/4 + 16. Let w(h) = -h + 14. Give w(c).
1
Let x(k) be the first derivative of -2*k**2 + 17*k - 516. What is x(6)?
-7
Let m(o) = -o - 7. Let v(w) = -w**3 + 22*w**2 + 18*w + 106. Let q be v(23). Calculate m(q).
2
Let o(d) be the third derivative of -d**6/120 + d**5/15 + d**4/6 + 7*d**3/6 - 3*d**2 + 1. Determine o(5).
2
Suppose -26 = 2*x - 34. Let y(t) be the first derivative of -1/3*t**3 - x + t + 1/2*t**2 - 1/4*t**4. What is y(-2)?
3
Let z(f) be the third derivative of f**7/2520 + f**6/360 - f**5/30 - 5*f**2. Let y(o) be the third derivative of z(o). Give y(-7).
-12
Let h(s) = -s + 3. Let p(j) = -2*j + 7. Let k(r) = 13*h(r) - 6*p(r). Calculate k(-5).
2
Let w(q) = q**3 - 13*q**2 - 2*q + 13. Let l(b) = 3*b**2 - 9*b - 107. Let p be l(-5). Give w(p).
-13
Let r(a) be the third derivative of -a**5/10 - a**4/24 + a**3/6 - 4*a**2. Suppose 24 = j - 4*j. Let v be j/4 - (0 + -3). Calculate r(v).
-6
Let z(w) = 46*w. Let n(o) = 55*o - 1. Let q(c) = -5*n(c) + 6*z(c). What is q(-4)?
1
Let x be (-6)/(-27) - 86/(-18) - 6. Let z(d) be the first derivative of -d + 1 + 0*d - 3 + 2*d**2. What is z(x)?
-5
Let f(b) = -2*b - 8. Let y(w) = -w - 4. Let h(o) = 3*f(o) - 7*y(o). Let z be h(-8). Let k(t) be the second derivative of t**3/6 + t**2/2 - 36*t + 2. Give k(z).
-3
Let n be (-5)/(-35) - (-15)/(-7). Let s(a) = -a**3 - 2*a**2 - 2*a + 2. Give s(n).
6
Let f(q) = -q**3 + q**2 - 3*q + 3. Let a(s) = -2*s**3 + 2*s**2 - 5*s + 2. Let g(r) = -2*a(r) + 3*f(r). Determine g(0).
5
Let i(t) = t + 3. Let x(a) = a + 3. Let k(w) = 3*i(w) - 4*x(w). Let j(f) = 1. Let l(o) = -4*j(o) - k(o). Give l(-4).
-5
Let f(x) b